ose 0 = -2*f + 3*g - 14, 8 = -2*f + f + 2*g. Let y be ((-17)/2 + 0)*f. Suppose 0 = w, y + 16 = 5*u + 5*w. What are the prime factors of u?
2, 5
Let z(u) = -u**3 + 5*u**2 - 2*u + 3. Let v be z(5). Let x = -5 - v. Suppose 14 = x*j + 4*r, 0*j + 3*j - 19 = -4*r. What are the prime factors of j?
5
Let u(j) = -3*j + 1. Let m(n) = -n. Let s(g) = -14*m(g) + 4*u(g). List the prime factors of s(3).
2, 5
Suppose -4*y + 2*r + 202 = 0, -5*y + 245 = 2*r + 3*r. Let m = 71 - y. What are the prime factors of m?
3, 7
Suppose -968 = -6*b + 16. What are the prime factors of b?
2, 41
Let n be 30/(-8)*312/(-9). List the prime factors of n/25 - (-1)/(-5).
5
Let m(w) = -w**3 - 4*w**2 - 2*w + 2. Let u = 71 + -36. Suppose -u = 5*g + 3*v - 3, 4*g = 5*v + 4. List the prime factors of m(g).
2, 5
Let j = 759 - 443. List the prime factors of j.
2, 79
Let t(o) be the second derivative of o**7/315 + o**5/120 - o**4/12 - o. Let c(m) be the third derivative of t(m). List the prime factors of c(1).
3
Let r be (-17)/5 - 4/(-10). Let x = -2 + 7. Let g = r + x. List the prime factors of g.
2
Suppose 3*m + 0*m + 30 = 0. Let t be 2/12 - (-2)/(36/(-21)). What are the prime factors of (t - 18/m)*10?
2
Let t(n) = -n**3 - 2*n**2 - 2*n - 1. Let u be t(-1). Suppose -2 = h - u*h. What are the prime factors of (3/2)/(h/(-4))?
3
Let p = 15 - 30. Let k be -3 + 2*p/(-6). Suppose -2*z + 34 = -5*u + 7, k*z = 3*u + 29. List the prime factors of z.
2
Suppose 0 = 5*u + 8 + 12, -4*u - 22 = -2*s. Let o(w) = -w - 7. Let p be o(-6). Let i = s + p. What are the prime factors of i?
2
What are the prime factors of ((-84)/(-35))/(-1*(-1)/30)?
2, 3
Suppose -5*k - 4*r + 6 = 0, 2*k - r + 5*r = 0. Let p(j) = 2*j**2 - 2*j + 2. List the prime factors of p(k).
2, 3
Let s(t) = -2*t**2 - 5*t - 6. Let v be s(-4). Let j = v + 29. What are the prime factors of j?
11
Suppose 46 = 3*u + 3*f - 20, -u + f = -32. What are the prime factors of u?
3
Let h = -20 + 68. List the prime factors of h.
2, 3
Let m(d) = d + 1. Let t be m(2). Suppose t*b = -0*b + 48. What are the prime factors of b?
2
Let m = 3 - -28. Suppose -16*a = -17*a + m. What are the prime factors of a?
31
Let a(f) be the third derivative of -f**6/120 + 2*f**5/15 - 5*f**4/24 + 3*f**3/2 - 2*f**2. What are the prime factors of a(7)?
23
Let s(d) = 6*d**3 - d**2 + 2*d - 3. List the prime factors of s(2).
3, 5
Let y = 6 - 8. List the prime factors of -37*(y - -1)*1.
37
Suppose 19 = 4*f + 5*y, -f + y = -3*y - 31. Let j = 19 - f. List the prime factors of j.
2
Let c be 62/4 + (-6)/(-12). List the prime factors of (88/c)/((-2)/(-4)).
11
Let n be (1 - -1)/(4/(-2)). Let i(f) = -20*f + 1. What are the prime factors of i(n)?
3, 7
Suppose -799 + 253 = -3*n. Let s be n/3 + 5/15. Let k = -42 + s. What are the prime factors of k?
19
Suppose -7 + 1 = k. Let u be (-3)/(-2 + (-21)/k). List the prime factors of u*(8/(-2) + 2).
2
Let b(t) = -t**3 - t**2 + t + 5. Let y(o) = o**2 + 3*o - 4. Let j be y(-4). Let a be b(j). Suppose -19 + 79 = a*d. What are the prime factors of d?
2, 3
Suppose -4*u - u = 5*n - 230, 15 = -3*u. What are the prime factors of n?
3, 17
Let x = 54 - -115. What are the prime factors of x?
13
Suppose -2*b = 2*t - 2, -2*t = t + 5*b + 3. Suppose 3*r + 43 - 9 = h, 4*h + t*r - 56 = 0. What are the prime factors of h?
19
Suppose p - 3*d - 18 = 73, 4*p + 3*d = 319. List the prime factors of p.
2, 41
Suppose 0 = -0*z - 5*z + 90. Suppose z = 3*o - 0*h - 3*h, 3*o = -2*h + 3. What are the prime factors of o?
3
Suppose 0 = -2*b + 4*p + 118, -3*b + 4*p + 0*p + 181 = 0. List the prime factors of b.
3, 7
Let t be 46/8 + 4/16. Let k(v) = 2*v + 3. What are the prime factors of k(t)?
3, 5
List the prime factors of (-467 + 8)*(10/6 + -2).
3, 17
Let z(h) = -4*h + 17 + 2*h + h + 0. List the prime factors of z(8).
3
Suppose -607 + 31 = -8*z. What are the prime factors of z?
2, 3
Suppose -4*q + 304 = -0*n + 2*n, 0 = 5*n. List the prime factors of q.
2, 19
Let c = 5 - 19. Let u = 30 + c. List the prime factors of u.
2
Let s(q) = -q**3 + 6*q**2 - 5*q + 1. Let x = -12 + 16. List the prime factors of s(x).
13
Let j = 928 + -564. What are the prime factors of j?
2, 7, 13
Suppose 12 = 2*j + 6. Suppose 4*g + 14 = f + 2*g, -j*f + 2*g + 42 = 0. List the prime factors of f.
2, 7
Let m(p) = 17*p**3 + p**2. Let q be m(1). Let l = q + -10. List the prime factors of l.
2
Let r = 7 - 3. List the prime factors of r.
2
Let m(i) = 54*i + 1. Let c be m(1). Suppose -4*a - c = a. What are the prime factors of a/(-1) - 2/1?
3
Let t(q) = 5*q + 1. List the prime factors of t(5).
2, 13
Let q = 460 - 309. List the prime factors of q.
151
Let s(w) = w + 5. Suppose 0 = 5*j - 10, -y = 5*j - 11 - 3. Suppose -5*a - 10 = 0, 2*n - y*a - 8 = -0*a. What are the prime factors of s(n)?
5
What are the prime factors of (-7582)/(-18) + 3 + (-87)/27?
421
Suppose 4 = -2*l + 44. Let s = l + -10. List the prime factors of s.
2, 5
Let u be (-2)/8 + (-9)/(-4). Let l(g) = g - u*g + 4 - 3. What are the prime factors of l(-2)?
3
Let h be 3*(-2)/(-6) - -1. Suppose 0*c = h*c - 30. Suppose 5*u = -0*u + c. List the prime factors of u.
3
Let f = 16 - -34. List the prime factors of f.
2, 5
Let y(i) = -i**2 + 6*i + 10. Let m = 2 - -5. What are the prime factors of y(m)?
3
Suppose 3*r - 2*u + 129 = -u, 3*u = 3*r + 129. Let o = -11 + -20. Let h = o - r. What are the prime factors of h?
2, 3
Let a be (-50)/(-4) + (-1)/2. What are the prime factors of a*2/3 + 2?
2, 5
Let m = -6 - -10. Suppose m*g + 3 = d - 4*d, -4*d = 20. Suppose -v = g*v - 36. What are the prime factors of v?
3
Suppose 3*l = l + 20. Let o be 1 + 2 - (l - -3). List the prime factors of -4*4/(8/o).
2, 5
Let m = 137 - 95. Suppose m = 2*c + 8. What are the prime factors of c?
17
Suppose -14 = -4*a - 2. Suppose -2*n + 18 = -a*b, -4*n + 2*b = 6*b - 76. What are the prime factors of n?
3, 5
Suppose -2*h + 5*b + 90 = 0, 4*b - 13 = 2*h - 101. What are the prime factors of h?
2, 5
List the prime factors of (-2)/(3*3/(-540)).
2, 3, 5
Let f = 64 - -3. Suppose f = 5*l + 7. List the prime factors of l.
2, 3
Suppose 8*n = 6*n + 48. List the prime factors of n.
2, 3
Let l = 31 + 28. Suppose 4*z - 70 = -5*a, 4*a - l = 5*z - 3. List the prime factors of a.
2, 7
Let s be -9 - -1*(-1 - -2). Let m(j) = -j + 2. What are the prime factors of m(s)?
2, 5
Let p(j) = j**2 + 9*j - 11. Let v be p(-8). Let r = 48 + v. Let k = r + -18. List the prime factors of k.
11
Suppose t - 2*z = -5, -z - 2 = -t - 5. Let a = 0 - 2. List the prime factors of (12/t)/(3/a).
2
Suppose 175 = -8*c + 3*c. Let z = -19 - c. What are the prime factors of z?
2
Let t(l) = l + 7. Let r(h) = h + 4. Let a(k) = 5*r(k) - 3*t(k). Let f be a(-1). Let g = f + 6. What are the prime factors of g?
3
Suppose d = -5, 4*p + d - 103 = -4*d. List the prime factors of p.
2
Suppose -2*t - 5*x - 29 = 0, -t + x + x = -8. Let g(h) = -18*h + 4. What are the prime factors of g(t)?
2, 5
Let p be (-39)/(-15) - 4/(-10). Suppose p*z = 2*k + 97 + 36, -3*z + 5*k = -148. Suppose -z - 7 = -4*d. List the prime factors of d.
2, 3
Let w(p) = -p**2 + 13*p - 13. List the prime factors of w(11).
3
Let a = -1 - 2. Let f = a + 8. Suppose -f*v + 15 = -2*u, 0 = -v - 0*u + u. What are the prime factors of v?
5
Let u = 6 + 20. Let r = u + -11. List the prime factors of r.
3, 5
Let b be (-1)/2 - 20/(-8). Suppose -b*z = -z + 6. Let q = z + 28. What are the prime factors of q?
2, 11
What are the prime factors of (-3)/(-15) - 568/(-10)?
3, 19
What are the prime factors of -4 - (-1)/((-2)/(-166))?
79
Let c = -38 - -66. What are the prime factors of c?
2, 7
Let u(z) = -2*z**2 - 2*z. Let s be u(-2). Let n(x) = x**2. Let q(j) = 3*j**2 + j + 9. Let b(d) = s*n(d) + q(d). List the prime factors of b(0).
3
List the prime factors of (-2)/6*(-45 + 3).
2, 7
Let b = -4 - -6. Suppose 0*f - 3*f - 4*h + 39 = 0, b*h = 0. What are the prime factors of f?
13
Let n(r) = -6*r**3 + r**2 - r + 2. Let m be n(-2). Let y = m + -26. What are the prime factors of y?
2, 3, 5
Let o = 17 + 24. Let a = 65 - o. List the prime factors of a.
2, 3
What are the prime factors of ((-4)/(-4))/((-2)/(-150))?
3, 5
Suppose 5*d - 3 = -4*t + 35, -5*d + 5*t = -65. Let u be 11/(-22) - (-11)/2. Suppose -3*p + p = r - d, -3*p - 63 = -u*r. What are the prime factors of r?
2, 3
Let v = -4 + 2. Let n = 29 + -43. Let f = 